te number?
False
Is 377011 a prime number?
True
Is 643121 a composite number?
False
Is 28517777 a composite number?
False
Is 2540323 a composite number?
False
Is 11206423 composite?
False
Is 40536841 a composite number?
True
Is 108247 a composite number?
False
Is 981161317 a prime number?
True
Is 8229307 a prime number?
False
Is 1843753 a prime number?
True
Is 5820449 a composite number?
True
Is 30727405 prime?
False
Is 36613891 prime?
True
Is 1339567 composite?
False
Is 3840947 prime?
False
Is 90213953 a prime number?
False
Is 1472017 a composite number?
False
Is 1913621 composite?
True
Is 176024174 a prime number?
False
Is 37152407 a prime number?
True
Is 471439 a composite number?
False
Is 8708701 prime?
True
Is 25717777 prime?
False
Is 4633111 composite?
True
Is 310301117 prime?
False
Is 883853 a composite number?
True
Is 427113377 prime?
False
Is 226743047 prime?
True
Is 43463221 composite?
True
Is 1891091 prime?
False
Is 58708667 a composite number?
True
Is 14129851 prime?
False
Is 17517859 composite?
False
Is 185099 a composite number?
False
Is 15480137 a composite number?
False
Is 6664333 a composite number?
True
Is 4378079 a prime number?
True
Is 1153843 composite?
True
Is 104540203 prime?
True
Is 402074507 composite?
True
Is 42131383 prime?
False
Is 44074331 a prime number?
False
Is 383269 a prime number?
False
Is 673957 a composite number?
True
Is 9106039 composite?
False
Is 90040777 prime?
True
Is 8926571 a prime number?
True
Is 50862398 a prime number?
False
Is 8161579 a composite number?
False
Is 191893883 a composite number?
False
Is 69081223 a prime number?
True
Is 13255469 a prime number?
True
Is 1554071 a prime number?
False
Is 25849597 a composite number?
True
Is 68258571 a prime number?
False
Is 3886367 a composite number?
True
Is 149371 a composite number?
False
Is 253919 prime?
True
Is 461676311 prime?
True
Is 44282531 prime?
True
Is 2038346 a composite number?
True
Is 6435789 a prime number?
False
Is 13882607 a composite number?
False
Is 358249 a composite number?
True
Is 532504853 composite?
False
Is 34935541 a prime number?
False
Is 80474521 a prime number?
False
Is 79357939 composite?
False
Is 1375669 a prime number?
True
Is 30724649 composite?
False
Is 370487353 composite?
True
Is 147863813 a composite number?
True
Is 7454091 a composite number?
True
Is 133348301 composite?
False
Is 29348611 a prime number?
False
Is 1196399 a composite number?
False
Is 7248359 composite?
False
Is 4020847 a prime number?
True
Is 56448446 a composite number?
True
Is 12626741 a prime number?
False
Is 111178421 a prime number?
True
Is 29854841 prime?
True
Is 4429631 composite?
False
Is 987199 a composite number?
False
Is 3204671 composite?
True
Is 185700337 a composite number?
True
Is 185224549 prime?
True
Is 10254499 a prime number?
True
Is 988847 a prime number?
False
Is 3263933 composite?
False
Is 224203471 a composite number?
True
Is 2955007 prime?
False
Is 2862713 a composite number?
True
Is 10626521 a prime number?
False
Is 86104115 a composite number?
True
Is 5498527 a composite number?
False
Is 49159181 composite?
True
Is 1355479189 composite?
False
Is 2523611 a prime number?
False
Is 3407933 composite?
True
Is 39090641 prime?
True
Is 666301 a composite number?
False
Is 2873798 prime?
False
Is 88457921 composite?
True
Is 2765506 a composite number?
True
Is 374713 composite?
False
Is 724809 a prime number?
False
Is 6637571 a prime number?
True
Is 2305031 a composite number?
True
Is 796043101 prime?
False
Is 4236321 a prime number?
False
Is 18557491 a prime number?
True
Is 3422747 a composite number?
False
Is 25862687 prime?
True
Is 6193553 composite?
False
Is 63242903 prime?
False
Is 1224943 prime?
True
Is 4802491 a composite number?
False
Is 2304451 a composite number?
False
Is 7514929 a composite number?
False
Is 19069301 prime?
True
Is 2366659 a composite number?
True
Is 2281861 a composite number?
False
Is 3213889 composite?
True
Is 1819471 composite?
False
Is 3874219 a composite number?
False
Is 772658 composite?
True
Is 339943 prime?
True
Is 223165 composite?
True
Is 1007297 a prime number?
True
Is 10539391 prime?
False
Is 144707747 a composite number?
False
Is 8574571 composite?
False
Is 17305013 a composite number?
True
Is 3206279899 prime?
True
Is 11383 composite?
False
Is 5208433 composite?
False
Is 94609 a prime number?
False
Is 8466841 a prime number?
False
Is 346906606 a prime number?
False
Is 720911 composite?
True
Is 7298017 prime?
True
Is 130543339 prime?
True
Is 2943199 a composite number?
True
Is 6503551 a composite number?
True
Is 6998353 a composite number?
False
Is 73656509 a prime number?
True
Is 1638431 composite?
False
Is 24745339 a prime number?
False
Is 12148787 composite?
True
Is 24378253 prime?
True
Is 5297707 composite?
True
Is 12372739 prime?
True
Is 453107 prime?
True
Is 1095319 a prime number?
True
Is 4540142 a composite number?
True
Is 13422862 a composite number?
True
Is 16583867 composite?
False
Is 64988533 composite?
False
Is 33207589 a prime number?
False
Is 50647 prime?
True
Is 16154399 prime?
True
Is 408509 a prime number?
False
Is 17791801 prime?
True
Is 27427007 prime?
True
Is 115574827 composite?
False
Is 42028377 a prime number?
False
Is 714717041 a composite number?
False
Is 97642117 a prime number?
True
Is 1600519 prime?
True
Is 1066067 a prime number?
True
Is 705226447 a prime number?
True
Is 42915374 a composite number?
True
Is 1511099 a composite number?
False
Is 516733 a prime number?
False
Is 512212219 a prime number?
True
Is 37397779 a prime number?
True
Is 34999187 a composite number?
False
Is 2468797 a composite number?
True
Is 3746201 prime?
True
Is 6204613 composite?
False
Is 67976801 a prime number?
True
Is 10259659 composite?
False
Is 240311317 a prime number?
True
Is 22679323 a prime number?
False
Is 31840673 a composite number?
True
Is 39038507 a composite number?
False
Is 3260449 prime?
True
Is 137758011 composite?
True
Is 1643311 a composite number?
False
Is 30293 a prime number?
True
Is 11137031 composite?
False
Is 586903 prime?
True
Is 4127863 a prime number?
True
Is 18389407 composite?
True
Is 41982851 a prime number?
True
Is 405987799 composite?
True
Is 5055707 a prime number?
True
Is 7338343 composite?
False
Is 8140147 a composite number?
False
Is 2642489 a prime number?
False
Is 2523935 prime?
False
Is 744529 composite?
True
Is 313588199 composite?
False
Is 502803809 prime?
False
Is 12615773 prime?
False
Is 33878027 composite?
True
Is 3429317 a prime number?
False
Is 36545633 prime?
False
Is 3613099 a prime number?
False
Is 544360087 prime?
False
Is 474910343 a prime number?
True
Is 5164463 a prime number?
True
Is 1683887 a prime number?
True
Is 241476737 a composite number?
False
Is 403440383 prime?
True
Is 2928953 composite?
False
Is 925697 a composite number?
False
Is 921397 composite?
True
Is 22826129 composite?
False
Is 15624145 a composite number?
True
Is 5874103 a composite number?
False
Is 38402783 a composite number?
False
Is 28345829 composite?
False
Is 15837711 prime?
False
Is 106471037 prime?
True
Is 328490333 a prime number?
True
Is 5970443 a composite number?
False
Is 456756817 a prime number?
False
Is 95242151 composite?
True
Is 7786451 prime?
True
Is 2052023 a composite number?
False
Is 87152097 a prime number?
False
Is 69494057 prime?
False
Is 6956203 composite?
False
Is 191413 prime?
True
Is 15865177 composite?
True
Is 3113147 a prime number?
True
Is 62278859 composite?
True
Is 97460057 a composite number?
True
Is 299784182 a composite number?
True
Is 1688509 composite?
False
Is 15591019 a prime number?
True
Is 858349 prime?
False
Is 822335831 a prime number?
True
Is 326582141 a composite number?
False
Is 187284167 composite?
True
Is 7780307 composite?
False
Is 3596893 composite?
False
Is 109917809 a composite number?
False
Is 162923 a composite number?
True
Is 312634277 a prime number?
True
Is 1391933 a composite number?
False
Is 28711547 a prime number?
True
Is 140935057 a composite number?
False
Is 2434879 a prime number?
True
Is 887693 a prime number?
True
Is 159787009 a prime number?
True
Is 3989429 composite?
False
Is 6093557 prime?
True
Is 94611337 prime?
True
Is 1703041355 prime?
False
Is 546961 prime?
True
Is 76873331 a prime number?